 (99/(-88))/(3/4)*2. Let r be x(t). Calculate the highest common factor of 19 and r.
19
Suppose 0 = 3*h - 5*y - 10, 4*y - 18 = -5*h + 48. Let p = 62 + -12. Calculate the highest common factor of p and h.
10
Let j = -45 - -54. Suppose -5*k + 216 = -j. What is the highest common factor of k and 18?
9
Let f(y) = -y**3 + 7*y**2 + 10*y + 2. Let n be f(6). Calculate the greatest common factor of n and 42.
14
Let z be 56/((1 + 0)*(-3)/(-3)). Let o = 112 - 28. Calculate the greatest common divisor of o and z.
28
Suppose x - 2*b = -45, -x - 2*x - 115 = -2*b. Let i = x + 50. Calculate the greatest common factor of 5 and i.
5
Let x(q) be the third derivative of -q**5/60 + 70*q**3/3 - 6*q**2 - 2. Let z be x(0). What is the highest common factor of 35 and z?
35
Let v = -16 - -30. Suppose -3*b - 3*u = -60, u = 2*b - u - 20. Let z = b + -13. What is the greatest common divisor of z and v?
2
Let o(d) = d**2 - 2*d - 4. Let i be o(-11). Let s = i + -137. Calculate the highest common factor of 2 and s.
2
Let k be ((-3)/(-6))/(6/84). What is the greatest common factor of k and 217?
7
Suppose 5*i = 0, -2 = -0*k + 2*k + i. Let m be (((-6)/3)/2)/(k/8). What is the highest common divisor of m and 4?
4
Let p = -72 - -111. What is the greatest common factor of 208 and p?
13
Suppose -13*k = -16*k + 6. Let b be ((5/2 - k)*-10)/(-1). What is the highest common factor of 20 and b?
5
Let b = -5 - -8. Suppose b*q - 14 = -2*d - 2, 5*d = -4*q + 16. Suppose -q*c + 36 = -76. What is the greatest common factor of 4 and c?
4
Let d be (-5 - 0)/(-5) + 10/2. Suppose -5*s = -3*s. Suppose -2*j - f + 46 = -d*f, -3*f - 12 = s. Calculate the greatest common divisor of j and 91.
13
Suppose 0 = 22*u + 81 - 147. What is the greatest common divisor of u and 21?
3
Let d be 6/(-21) - 5/(245/(-994)). Calculate the highest common divisor of d and 80.
20
Suppose 0 = -3*s - 0 + 3. Let q = 3 + s. Suppose 0*i - i - 2*y - q = 0, -2*y = -2*i + 10. Calculate the greatest common factor of i and 16.
2
Suppose -21*b + 336 = 63. Let c be (18/8)/(1/124). Let q = c - 136. Calculate the highest common factor of b and q.
13
Suppose -5*l + 25 = -25. Suppose a = 19 - 15. Calculate the highest common divisor of a and l.
2
Let p(h) = h**3 + h**2 - 11*h - 5. Let o be p(5). What is the highest common factor of o and 9?
9
Suppose -18*h + 23*h = 410. Let z = h + -54. Calculate the greatest common divisor of 196 and z.
28
Suppose -6*q + q + b + 265 = 0, -3*q + 182 = 4*b. What is the greatest common factor of q and 162?
54
Let m be ((-3)/(-3))/(3/168*2). Suppose 4*a - 16 = 0, 4*k - 2*k + 2*a - 64 = 0. What is the highest common factor of k and m?
28
Let x = 25 + -10. Let j be 63/x - 6/30. Suppose j*n - 540 = -n. Calculate the greatest common divisor of n and 12.
12
Let b be ((-21)/(-6) - 0)/((-4)/(-120)). Calculate the greatest common factor of b and 45.
15
Suppose 5*s + 3*k - 37 = 0, -3*k + 41 = 5*s + k. Suppose 2*p + 40 = 4*m, 0*p - 16 = -3*m + s*p. What is the greatest common factor of m and 24?
12
Let h(k) = -5*k - 28. Let v be h(-6). Suppose 5*b + 218 = v*c - 188, -c + 5*b = -203. Calculate the greatest common divisor of c and 29.
29
Let q(o) be the third derivative of 1/6*o**4 + 0 + 1/15*o**5 + 7*o**2 + 1/3*o**3 + 0*o. Let w be q(-2). What is the greatest common factor of 30 and w?
10
Let d = 613 - 86. Calculate the highest common divisor of d and 51.
17
Let m(p) = 41*p**2 - 1. Let o be m(-1). Let v = 272 - 262. What is the highest common factor of v and o?
10
Suppose 3*t + 9 = 4*n, 2*t - 1 = 1. Let c be 3/15 + (-28)/(-10). Suppose c*u + q - 50 = 0, -q + 20 = n*q. Calculate the highest common divisor of u and 10.
5
Suppose 2*n = 6, 2*p - 3*n - 24 = -15. Let i = -11 + 110. Calculate the greatest common divisor of p and i.
9
Let c = 658 - 571. Calculate the greatest common factor of 2697 and c.
87
Let o(v) be the second derivative of 7*v**4/12 - 11*v**3/6 + 3*v**2 + 10*v. Let z be o(6). Calculate the highest common factor of z and 24.
24
Let l be 59/2 - (-1)/(-2). Let r be (2 - 8) + (36 - (-1 - -2)). Calculate the highest common divisor of r and l.
29
Let m(u) = -8*u - 8. Let p be m(-6). Suppose 4*a - 50 = 50. Suppose a*r = 22*r + 30. What is the greatest common divisor of r and p?
10
Let m = -55 - -68. Let k(w) = w**3 + 7*w**2 + 8*w + 3. Let d be k(-5). What is the greatest common factor of d and m?
13
Suppose -i - 62 = -73. Suppose 0 = -2*h - 5*v + 86, -3*h + 2*v - 4*v + 107 = 0. What is the greatest common divisor of h and i?
11
Suppose 0 = -4*p - 5*p + 225. Let q = 15 + -11. Suppose q*k - 400 = -0*k. Calculate the highest common divisor of k and p.
25
Suppose 0 = -3*o + 5*d + 1078, 2*o + 356 = 3*o - d. Calculate the highest common divisor of 39 and o.
39
Let p be ((-3888)/(-8) - 0) + (-6 - -1). Calculate the highest common factor of p and 13.
13
Let s = -19 + 13. Let x be 4/3 + (-4)/s. Let o be (x/6)/(2/72). Calculate the highest common factor of o and 36.
12
Let p be (-8)/3*156/(-16). Calculate the greatest common factor of 104 and p.
26
Suppose -t = -4*q - 8, -5*q - 10 = -11*t + 6*t. Suppose t = o - 16 - 10. Calculate the highest common divisor of o and 13.
13
Let b be ((-8)/4 - 36)/(-2). Calculate the greatest common factor of 627 and b.
19
Suppose -2*w = 4*n - 0*w - 26, -2*n - 2*w = -8. Calculate the highest common divisor of 144 and n.
9
Suppose -42 = -4*z - 2*x + 5*x, -5*z - x = -62. Suppose 0*h + 4*j = h + 4, -3*h + 8 = -2*j. What is the greatest common factor of z and h?
4
Let o be ((-1580)/(-15))/(8/(-12)). Let q = 239 + o. Calculate the greatest common divisor of q and 27.
27
Let p = 6 + -5. Let s be 112/(-1)*p/(-2). Suppose 145 = 11*m - 9. What is the highest common divisor of m and s?
14
Suppose -8 = 5*f - 3, 3*d + 5*f + 5 = 0. Suppose d = 2*x - 6*x - 4. Let w be (-1 - x) + 86 + 2. Calculate the highest common divisor of 8 and w.
8
Let r = -7 - -10. Let y be (-3)/(-5) + (-1197)/95. Let f be (-6)/(y/(-4)) - -26. Calculate the highest common factor of r and f.
3
Let g(o) = o**2 - 9*o - 15. Let s be (9/(-6))/(6/(-8)). Let r be s/3*33/2. Let l be g(r). Calculate the highest common factor of 35 and l.
7
Let i(c) = c**3 + 14*c**2 + 12*c - 6. Let x be i(-13). Let k = x + -24. Let t = k - -27. What is the greatest common divisor of t and 10?
10
Let d = 83 - 154. Let u = d - -155. What is the greatest common divisor of u and 12?
12
Let v(p) be the second derivative of 3*p**3/2 + p**2/2 - 6*p. Let n be v(1). Calculate the greatest common divisor of n and 25.
5
Let x(r) = -67*r**3 + r. Let s(u) = -u**3 + 7*u**2 + 7*u + 8. Let c be s(8). Let k = c - 1. Let j be x(k). What is the highest common factor of 11 and j?
11
Let d = -790 + 925. Calculate the highest common divisor of d and 108.
27
Suppose 3*n + 48 = 162. Suppose 4*b + 14 = p, 8 = -2*p - p + 2*b. Let l = n - p. Calculate the highest common factor of l and 4.
4
Let m be -1 + (-3 - -6)*5. Suppose -3*s = -17*s + 196. Calculate the greatest common factor of m and s.
14
Suppose 2*b = -3*b - 5*n + 155, 0 = -2*b + 5*n + 55. What is the highest common divisor of b and 240?
30
Let j = -332 - -335. Calculate the greatest common factor of j and 141.
3
Suppose -18*j + 2315 - 551 = 0. What is the greatest common factor of 238 and j?
14
Let c = 59 - 33. Suppose -2*f - h = f + 22, f = -5*h - c. Let l be 94 + -1 + (f - -4). What is the greatest common factor of 13 and l?
13
Let c be (26 - -2) + (-5)/((-15)/6). Calculate the greatest common factor of 20 and c.
10
Suppose -306 = -8*v + 38. Calculate the greatest common divisor of 43 and v.
43
Suppose g - 38 = 12*o - 17*o, -4*o + 4*g = -40. What is the greatest common factor of o and 268?
4
Let x(p) = p**2 + 6*p + 1. Let l be x(-3). Let i = -1 + 16. Let m = l + i. Calculate the highest common divisor of m and 63.
7
Suppose 0 = 5*d + 5*h + 59 - 944, 5*d + h = 905. Calculate the highest common factor of d and 52.
26
Suppose -2*h + 3*y = y - 22, 0 = -3*y - 15. Suppose -h*o + 166 - 64 = 0. Let i be (-4)/14 + (-363)/(-21). What is the greatest common factor of o and i?
17
Suppose -13*k + 9*k = 0. Let u(h) = h**2 + h - 4. Let z be u(k). Let a be (-71)/z - (-2)/8. Calculate the greatest common divisor of a and 12.
6
Suppose -103*n + 5175 = -80*n. Let i(x) = x**3 + 9*x**2 + 2*x + 6. Let z be i(-7). Calculate the highest common 